{"id":904,"date":"2023-07-18T18:44:04","date_gmt":"2023-07-18T16:44:04","guid":{"rendered":"http:\/\/riudelletres.cat\/?page_id=904"},"modified":"2023-07-25T13:41:12","modified_gmt":"2023-07-25T11:41:12","slug":"riudelletres-2023-dissabte-30-de-setembre-diumenge-1-doctubre","status":"publish","type":"page","link":"https:\/\/riudelletres.cat\/index.php\/riudelletres-2023-dissabte-30-de-setembre-diumenge-1-doctubre\/","title":{"rendered":"Riudelletres 2023"},"content":{"rendered":"\n<p><strong>Dissabte 30 de setembre &#8211; Diumenge 1 d&#8217;octubre<\/strong> &#8211; SANT PERE DE RIUDEBITLLES (ALT PENED\u00c8S)<\/p>\n\n\n\n<p>Com sempre, des del Riudelletres no en tenim mai prou i, per aquest motiu, l&#8217;edici\u00f3 2023 de la trobada anual per a la promoci\u00f3 de la literatura comptar\u00e0 amb una de les novetats m\u00e9s importants amb qu\u00e8 ens hem complicat la vida els darrers temps. Es tracta de la <strong>primera fira de llibres<\/strong> de la nostra hist\u00f2ria. Per aquest motiu, convidem a llibreries, editorials i entitats a participar amb les seves parades a l&#8217;edici\u00f3 2023 del Riudelletres. <\/p>\n\n\n\n<p>Aquest any, doncs, a part de participar en les xerrades i taules rodones, els visitants podran triar i remenar entre les parades de llibres. Sabem que \u00e9s un repte important i que aix\u00f2 suposa un salt qualitatiu i quantitatiu en els nostres reptes organitzatius, per\u00f2 tamb\u00e9 sabem que el sector necessita aquest tipus d&#8217;esdeveniments per al seu manteniment.<\/p>\n\n\n\n<p>Us convidem, doncs, a inscriure&#8217;s <a href=\"https:\/\/forms.gle\/m2NbiUjofCMSFwfv8\" data-type=\"URL\" data-id=\"https:\/\/forms.gle\/m2NbiUjofCMSFwfv8\">com a paradistes<\/a> o <a href=\"https:\/\/forms.gle\/1kXLdfX7eQzeq4mD7\" data-type=\"URL\" data-id=\"https:\/\/forms.gle\/1kXLdfX7eQzeq4mD7\">a nivell individual <\/a>al Riudelletres 2023 i a gaudir de dues jornades intenses de literatura a l&#8217;Alt Pened\u00e8s.<\/p>\n\n\n\n<p>Trobareu tots els enlla\u00e7os i informaci\u00f3 sobre aquest Riudelletres 2023 en aquesta mateixa p\u00e0gina.<\/p>\n\n\n\n<figure class=\"wp-block-image size-large\"><img loading=\"lazy\" width=\"1024\" height=\"683\" src=\"http:\/\/riudelletres.cat\/wp-content\/uploads\/2023\/07\/96360840_4287595341254304_724056384307462144_n-1024x683.jpg\" alt=\"\" class=\"wp-image-905\" srcset=\"https:\/\/riudelletres.cat\/wp-content\/uploads\/2023\/07\/96360840_4287595341254304_724056384307462144_n-1024x683.jpg 1024w, https:\/\/riudelletres.cat\/wp-content\/uploads\/2023\/07\/96360840_4287595341254304_724056384307462144_n-300x200.jpg 300w, https:\/\/riudelletres.cat\/wp-content\/uploads\/2023\/07\/96360840_4287595341254304_724056384307462144_n-768x512.jpg 768w, https:\/\/riudelletres.cat\/wp-content\/uploads\/2023\/07\/96360840_4287595341254304_724056384307462144_n-1536x1024.jpg 1536w, https:\/\/riudelletres.cat\/wp-content\/uploads\/2023\/07\/96360840_4287595341254304_724056384307462144_n.jpg 2048w\" sizes=\"(max-width: 1024px) 100vw, 1024px\" \/><figcaption>Foto del Riudevins 2022 on es pot apreciar l&#8217;espai on es far\u00e0 la fira de llibres i del Riudelletres d&#8217;enguany<\/figcaption><\/figure>\n\n\n\n<p><\/p>\n","protected":false},"excerpt":{"rendered":"<p>Dissabte 30 de setembre &#8211; Diumenge 1 d&#8217;octubre &#8211; SANT PERE DE RIUDEBITLLES (ALT PENED\u00c8S) Com sempre, des del Riudelletres no en tenim mai prou i, per aquest motiu, l&#8217;edici\u00f3 2023 de la trobada anual<\/p>\n","protected":false},"author":1,"featured_media":0,"parent":0,"menu_order":0,"comment_status":"closed","ping_status":"closed","template":"","meta":[],"_links":{"self":[{"href":"https:\/\/riudelletres.cat\/index.php\/wp-json\/wp\/v2\/pages\/904"}],"collection":[{"href":"https:\/\/riudelletres.cat\/index.php\/wp-json\/wp\/v2\/pages"}],"about":[{"href":"https:\/\/riudelletres.cat\/index.php\/wp-json\/wp\/v2\/types\/page"}],"author":[{"embeddable":true,"href":"https:\/\/riudelletres.cat\/index.php\/wp-json\/wp\/v2\/users\/1"}],"replies":[{"embeddable":true,"href":"https:\/\/riudelletres.cat\/index.php\/wp-json\/wp\/v2\/comments?post=904"}],"version-history":[{"count":6,"href":"https:\/\/riudelletres.cat\/index.php\/wp-json\/wp\/v2\/pages\/904\/revisions"}],"predecessor-version":[{"id":935,"href":"https:\/\/riudelletres.cat\/index.php\/wp-json\/wp\/v2\/pages\/904\/revisions\/935"}],"wp:attachment":[{"href":"https:\/\/riudelletres.cat\/index.php\/wp-json\/wp\/v2\/media?parent=904"}],"curies":[{"name":"wp","href":"https:\/\/api.w.org\/{rel}","templated":true}]}}

<p><strong>Dissabte 30 de setembre &#8211; Diumenge 1 d&#8217;octubre</strong> &#8211; SANT PERE DE RIUDEBITLLES (ALT PENEDÈS)</p>



<p>Com sempre, des del Riudelletres no en tenim mai prou i, per aquest motiu, l&#8217;edició 2023 de la trobada anual per a la promoció de la literatura comptarà amb una de les novetats més importants amb què ens hem complicat la vida els darrers temps. Es tracta de la <strong>primera fira de llibres</strong> de la nostra història. Per aquest motiu, convidem a llibreries, editorials i entitats a participar amb les seves parades a l&#8217;edició 2023 del Riudelletres. </p>



<p>Aquest any, doncs, a part de participar en les xerrades i taules rodones, els visitants podran triar i remenar entre les parades de llibres. Sabem que és un repte important i que això suposa un salt qualitatiu i quantitatiu en els nostres reptes organitzatius, però també sabem que el sector necessita aquest tipus d&#8217;esdeveniments per al seu manteniment.</p>



<p>Us convidem, doncs, a inscriure&#8217;s <a href="https://forms.gle/m2NbiUjofCMSFwfv8" data-type="URL" data-id="https://forms.gle/m2NbiUjofCMSFwfv8">com a paradistes</a> o <a href="https://forms.gle/1kXLdfX7eQzeq4mD7" data-type="URL" data-id="https://forms.gle/1kXLdfX7eQzeq4mD7">a nivell individual </a>al Riudelletres 2023 i a gaudir de dues jornades intenses de literatura a l&#8217;Alt Penedès.</p>



<p>Trobareu tots els enllaços i informació sobre aquest Riudelletres 2023 en aquesta mateixa pàgina.</p>



<figure class="wp-block-image size-large"><img loading="lazy" width="1024" height="683" src="http://riudelletres.cat/wp-content/uploads/2023/07/96360840_4287595341254304_724056384307462144_n-1024x683.jpg" alt="" class="wp-image-905" srcset="https://riudelletres.cat/wp-content/uploads/2023/07/96360840_4287595341254304_724056384307462144_n-1024x683.jpg 1024w, https://riudelletres.cat/wp-content/uploads/2023/07/96360840_4287595341254304_724056384307462144_n-300x200.jpg 300w, https://riudelletres.cat/wp-content/uploads/2023/07/96360840_4287595341254304_724056384307462144_n-768x512.jpg 768w, https://riudelletres.cat/wp-content/uploads/2023/07/96360840_4287595341254304_724056384307462144_n-1536x1024.jpg 1536w, https://riudelletres.cat/wp-content/uploads/2023/07/96360840_4287595341254304_724056384307462144_n.jpg 2048w" sizes="(max-width: 1024px) 100vw, 1024px" /><figcaption>Foto del Riudevins 2022 on es pot apreciar l&#8217;espai on es farà la fira de llibres i del Riudelletres d&#8217;enguany</figcaption></figure>



<p></p>

<p>Dissabte 30 de setembre &#8211; Diumenge 1 d&#8217;octubre &#8211; SANT PERE DE RIUDEBITLLES (ALT PENEDÈS) Com sempre, des del Riudelletres no en tenim mai prou i, per aquest motiu, l&#8217;edició 2023 de la trobada anual</p>
