{"id":896,"date":"2023-07-18T18:31:54","date_gmt":"2023-07-18T16:31:54","guid":{"rendered":"http:\/\/riudelletres.cat\/?page_id=896"},"modified":"2023-08-10T10:02:05","modified_gmt":"2023-08-10T08:02:05","slug":"programa-riudelletres-2023","status":"publish","type":"page","link":"https:\/\/riudelletres.cat\/index.php\/programa-riudelletres-2023\/","title":{"rendered":"Programa Riudelletres 2023"},"content":{"rendered":"\n<p><strong>DISSABTE 30 DE SETEMBRE<\/strong><\/p>\n\n\n\n<p>La promoci\u00f3 de la literatura infantil i juvenil<\/p>\n\n\n\n<p>10:00h \u2013 Arribada de participants i acreditacions.<\/p>\n\n\n\n<p>10:30h \u2013 Xerrada: \u201cComunicaci\u00f3 i LIJ, l\u2019art d\u2019explicar hist\u00f2ries\u201d, amb la <strong>Laia L\u00f3pez Arboleda<\/strong> (IBBYCAT).<\/p>\n\n\n\n<p>12:00h \u2013 Espectacle \u201cFuig, b\u00e8stia\u201d (majors de 3 anys) i xerrada sobre com&nbsp; gestar un projecte col\u00b7laboratiu, amb la narradora oral <strong>Mon Mas <\/strong>i la bibliotec\u00e0ria<strong> Valle Caballero.<\/strong><\/p>\n\n\n\n<p>13:30h \u2013 Concert vermut amb la <strong>EMAP Jazzband<\/strong> de l\u2019Escola de M\u00fasica de l\u2019Alt Pened\u00e8s i dinar.<\/p>\n\n\n\n<p>16:00h \u2013 T\u00e0ndem, un podcast pel foment de la lectura de literatura Infantil i Juvenil, amb la <strong>Marina Llompart<\/strong> i el <strong>Guillem Fargas<\/strong>, creadors.<\/p>\n\n\n\n<p>17:00h \u2013 Xerrada: \u201cOralitat i multiculturalitat, hist\u00f2ries a descobrir i compartir\u201d a c\u00e0rrec de <strong>William Arunategui.<\/strong><\/p>\n\n\n\n<p>18:30h \u2013 Cloenda de la jornada.<\/p>\n\n\n\n<p><strong>DIUMENGE 1 D\u2019OCTUBRE<\/strong><\/p>\n\n\n\n<p>Literatura i mitjans de comunicaci\u00f3<\/p>\n\n\n\n<p>10:00h \u2013 Arribada de participants i acreditacions<\/p>\n\n\n\n<p>10:30h \u2013 Xerrada: \u201cA qui fan por els llibres? Pres\u00e8ncia de la literatura en els mitjans de comunicaci\u00f3 p\u00fablics\u201d a c\u00e0rrec de <strong>Marta Vives<\/strong> (Catalunya r\u00e0dio)<\/p>\n\n\n\n<p>12:00h \u2013 Xerrada: \u201cLiteratura i comunicaci\u00f3, un matrimoni de conveni\u00e8ncia?\u201d a c\u00e0rrec d\u2019<strong>Esteve Plantada<\/strong><\/p>\n\n\n\n<p>13:30h \u2013 Vermut concert amb <strong>\u201cGina &amp; the t\u00f2nics<\/strong>\u201d i dinar<\/p>\n\n\n\n<p>16:00h \u2013 Taula rodona: la literatura en els mitjans de comunicaci\u00f3 amb&nbsp; <strong>\u00c0lvaro Colomer<\/strong> (Zenda Libros), <strong>Francesc Bomb\u00ed<\/strong> (La Vangu\u00e0rdia) i <strong>Rosa de Diego<\/strong> (R\u00e0dio 4)<\/p>\n\n\n\n<p>18:30h \u2013 Cloenda de la trobada.<\/p>\n\n\n\n<p>Durant tota la jornada, parades de llibres d\u2019editorials i llibreries.<\/p>\n","protected":false},"excerpt":{"rendered":"<p>DISSABTE 30 DE SETEMBRE La promoci\u00f3 de la literatura infantil i juvenil 10:00h \u2013 Arribada de participants i acreditacions. 10:30h \u2013 Xerrada: \u201cComunicaci\u00f3 i LIJ, l\u2019art d\u2019explicar hist\u00f2ries\u201d, amb la Laia L\u00f3pez Arboleda (IBBYCAT). 12:00h<\/p>\n","protected":false},"author":1,"featured_media":0,"parent":0,"menu_order":0,"comment_status":"closed","ping_status":"closed","template":"","meta":[],"_links":{"self":[{"href":"https:\/\/riudelletres.cat\/index.php\/wp-json\/wp\/v2\/pages\/896"}],"collection":[{"href":"https:\/\/riudelletres.cat\/index.php\/wp-json\/wp\/v2\/pages"}],"about":[{"href":"https:\/\/riudelletres.cat\/index.php\/wp-json\/wp\/v2\/types\/page"}],"author":[{"embeddable":true,"href":"https:\/\/riudelletres.cat\/index.php\/wp-json\/wp\/v2\/users\/1"}],"replies":[{"embeddable":true,"href":"https:\/\/riudelletres.cat\/index.php\/wp-json\/wp\/v2\/comments?post=896"}],"version-history":[{"count":4,"href":"https:\/\/riudelletres.cat\/index.php\/wp-json\/wp\/v2\/pages\/896\/revisions"}],"predecessor-version":[{"id":967,"href":"https:\/\/riudelletres.cat\/index.php\/wp-json\/wp\/v2\/pages\/896\/revisions\/967"}],"wp:attachment":[{"href":"https:\/\/riudelletres.cat\/index.php\/wp-json\/wp\/v2\/media?parent=896"}],"curies":[{"name":"wp","href":"https:\/\/api.w.org\/{rel}","templated":true}]}}

<p><strong>DISSABTE 30 DE SETEMBRE</strong></p>



<p>La promoció de la literatura infantil i juvenil</p>



<p>10:00h – Arribada de participants i acreditacions.</p>



<p>10:30h – Xerrada: “Comunicació i LIJ, l’art d’explicar històries”, amb la <strong>Laia López Arboleda</strong> (IBBYCAT).</p>



<p>12:00h – Espectacle “Fuig, bèstia” (majors de 3 anys) i xerrada sobre com&nbsp; gestar un projecte col·laboratiu, amb la narradora oral <strong>Mon Mas </strong>i la bibliotecària<strong> Valle Caballero.</strong></p>



<p>13:30h – Concert vermut amb la <strong>EMAP Jazzband</strong> de l’Escola de Música de l’Alt Penedès i dinar.</p>



<p>16:00h – Tàndem, un podcast pel foment de la lectura de literatura Infantil i Juvenil, amb la <strong>Marina Llompart</strong> i el <strong>Guillem Fargas</strong>, creadors.</p>



<p>17:00h – Xerrada: “Oralitat i multiculturalitat, històries a descobrir i compartir” a càrrec de <strong>William Arunategui.</strong></p>



<p>18:30h – Cloenda de la jornada.</p>



<p><strong>DIUMENGE 1 D’OCTUBRE</strong></p>



<p>Literatura i mitjans de comunicació</p>



<p>10:00h – Arribada de participants i acreditacions</p>



<p>10:30h – Xerrada: “A qui fan por els llibres? Presència de la literatura en els mitjans de comunicació públics” a càrrec de <strong>Marta Vives</strong> (Catalunya ràdio)</p>



<p>12:00h – Xerrada: “Literatura i comunicació, un matrimoni de conveniència?” a càrrec d’<strong>Esteve Plantada</strong></p>



<p>13:30h – Vermut concert amb <strong>“Gina &amp; the tònics</strong>” i dinar</p>



<p>16:00h – Taula rodona: la literatura en els mitjans de comunicació amb&nbsp; <strong>Àlvaro Colomer</strong> (Zenda Libros), <strong>Francesc Bombí</strong> (La Vanguàrdia) i <strong>Rosa de Diego</strong> (Ràdio 4)</p>



<p>18:30h – Cloenda de la trobada.</p>



<p>Durant tota la jornada, parades de llibres d’editorials i llibreries.</p>

<p>DISSABTE 30 DE SETEMBRE La promoció de la literatura infantil i juvenil 10:00h – Arribada de participants i acreditacions. 10:30h – Xerrada: “Comunicació i LIJ, l’art d’explicar històries”, amb la Laia López Arboleda (IBBYCAT). 12:00h</p>
