{"id":530,"date":"2021-05-08T10:34:37","date_gmt":"2021-05-08T08:34:37","guid":{"rendered":"http:\/\/riudelletres.cat\/?page_id=530"},"modified":"2023-07-18T18:27:40","modified_gmt":"2023-07-18T16:27:40","slug":"programa-2021-2","status":"publish","type":"page","link":"https:\/\/riudelletres.cat\/index.php\/edicions-anteriors\/programa-2021\/programa-2021-2\/","title":{"rendered":"Programa 2021"},"content":{"rendered":"\n<p>Atenci\u00f3 perqu\u00e8 aquest any el Riudelletres es divideix en dos diumenges.<\/p>\n\n\n\n<p><strong>diumenge 26 setembre &#8211; Promoci\u00f3 del foment de la lectura infantil i juvenil<\/strong><\/p>\n\n\n\n<p>10:30h \u2013 Arribada de participants i acreditacions (Biblioteca Maria \u00c0ngels Torrents &#8211; Casal dels Marquesos de Lli\u00f3, Carrer Major 40, Sant Pere de Riudebitlles)<\/p>\n\n\n\n<p>11:00h \u2013 Confer\u00e8ncia: Propostes de laboratoris de lectura infantil amb la Nat\u00e0lia Mart\u00ednez, coordinadora dels laboratoris de lectura del ClijCAT.<\/p>\n\n\n\n<p>13:30h \u2013 Dinar (20\u20ac x persona)<\/p>\n\n\n\n<p>16:00h \u2013 Temps de contes, amb la narradora oral Mon Mas.<\/p>\n\n\n\n<p>18:00h \u2013 Debat a cinc bandes: I despr\u00e9s de la pand\u00e8mia, qu\u00e8? <\/p>\n\n\n\n<p>Moderadora: Marina Llompart, editora a L&#8217;Altra tribu.<\/p>\n\n\n\n<p>Ponents: Muriel Villanueva, escriptora; Gisela Ruiz, bibliotec\u00e0ria; Paula Jarrin, llibreria Al\u00b7lots; Mar Gonz\u00e1lez, Babulinka Books, editorial especialitzada<\/p>\n\n\n\n<p>19:30h \u2013 Cloenda de la trobada.<\/p>\n\n\n\n<p><strong>Diumenge 3 octubre &#8211; El m\u00f3n institucional i editorial despr\u00e9s de la pand\u00e8mia<\/strong><\/p>\n\n\n\n<p>10:00h \u2013 Arribada de participants i acreditacions (Biblioteca Maria \u00c0ngels Torrents &#8211; Casal dels Marquesos de Lli\u00f3, Carrer Major 40, Sant Pere de Riudebitlles)<\/p>\n\n\n\n<p>10:30h \u2013 La promoci\u00f3 institucional de la literatura catalana<\/p>\n\n\n\n<p>Ponent: Izaskun Arretxe Irigoien, directora de la Instituci\u00f3 de les Lletres Catalanes<\/p>\n\n\n\n<p>11:30h \u2013 Associacions col\u00b7legiades del m\u00f3n de l\u2019escriptura: l\u2019AELC<\/p>\n\n\n\n<p>Ponent: Sebasti\u00e0 Portell, secretari de l&#8217;entitat.<\/p>\n\n\n\n<p>12:30h \u2013 Debat entre el representant de l\u2019AELC i el de la Instituci\u00f3 de les lletres catalanes sobre pol\u00edtiques p\u00fabliques en el m\u00f3n de la literatura.<\/p>\n\n\n\n<p>13:30h \u2013 Dinar (20\u20ac x persona)<\/p>\n\n\n\n<p>16:00h \u2013 L\u2019editorial: funcionament<\/p>\n\n\n\n<p>Ponent: Gl\u00f2ria Gasch, Editorial Columna<\/p>\n\n\n\n<p>18:00h \u2013 Taula sobre el m\u00f3n editorial amb 3 editores<\/p>\n\n\n\n<p>Ponents: Gl\u00f2ria Gasch, Editorial Columna; Matilde Mart\u00ednez, Godall edicions; Eul\u00e0lia Pag\u00e8s, Pag\u00e8s editors.<\/p>\n\n\n\n<p>19:30h \u2013 Cloenda de la trobada.<\/p>\n","protected":false},"excerpt":{"rendered":"<p>Atenci\u00f3 perqu\u00e8 aquest any el Riudelletres es divideix en dos diumenges. diumenge 26 setembre &#8211; Promoci\u00f3 del foment de la lectura infantil i juvenil 10:30h \u2013 Arribada de participants i acreditacions (Biblioteca Maria \u00c0ngels Torrents<\/p>\n","protected":false},"author":1,"featured_media":0,"parent":487,"menu_order":0,"comment_status":"closed","ping_status":"closed","template":"","meta":[],"_links":{"self":[{"href":"https:\/\/riudelletres.cat\/index.php\/wp-json\/wp\/v2\/pages\/530"}],"collection":[{"href":"https:\/\/riudelletres.cat\/index.php\/wp-json\/wp\/v2\/pages"}],"about":[{"href":"https:\/\/riudelletres.cat\/index.php\/wp-json\/wp\/v2\/types\/page"}],"author":[{"embeddable":true,"href":"https:\/\/riudelletres.cat\/index.php\/wp-json\/wp\/v2\/users\/1"}],"replies":[{"embeddable":true,"href":"https:\/\/riudelletres.cat\/index.php\/wp-json\/wp\/v2\/comments?post=530"}],"version-history":[{"count":13,"href":"https:\/\/riudelletres.cat\/index.php\/wp-json\/wp\/v2\/pages\/530\/revisions"}],"predecessor-version":[{"id":722,"href":"https:\/\/riudelletres.cat\/index.php\/wp-json\/wp\/v2\/pages\/530\/revisions\/722"}],"up":[{"embeddable":true,"href":"https:\/\/riudelletres.cat\/index.php\/wp-json\/wp\/v2\/pages\/487"}],"wp:attachment":[{"href":"https:\/\/riudelletres.cat\/index.php\/wp-json\/wp\/v2\/media?parent=530"}],"curies":[{"name":"wp","href":"https:\/\/api.w.org\/{rel}","templated":true}]}}