{"id":506,"date":"2021-05-08T10:16:04","date_gmt":"2021-05-08T08:16:04","guid":{"rendered":"http:\/\/riudelletres.cat\/?page_id=506"},"modified":"2021-05-08T10:16:04","modified_gmt":"2021-05-08T08:16:04","slug":"riudelletres-2018","status":"publish","type":"page","link":"https:\/\/riudelletres.cat\/index.php\/edicions-anteriors\/riudelletres-2018\/","title":{"rendered":"Riudelletres 2018"},"content":{"rendered":"\n<p><\/p>\n\n\n\n<p>En la segona edici\u00f3 del Riudelletres es van fer dues xerrades, una sobre comunicaci\u00f3 editorial a c\u00e0rrec de la comunicadora Neus Chord\u00e0 i una altra sobre mitjans i xarxes socials amb la Ilu Vilchez. En les dues xerrades, van ser molt ben rebudes les aportacions dels participants i es van debatre les visions dels diferents sectors del m\u00f3n editorial.<\/p>\n\n\n\n<figure class=\"wp-block-image\"><img loading=\"lazy\" width=\"848\" height=\"598\" src=\"http:\/\/riudelletres.cat\/wp-content\/uploads\/2019\/07\/Captura-de-pantalla-2019-07-17-a-les-14.17.49.png\" alt=\"\" class=\"wp-image-83\" srcset=\"https:\/\/riudelletres.cat\/wp-content\/uploads\/2019\/07\/Captura-de-pantalla-2019-07-17-a-les-14.17.49.png 848w, https:\/\/riudelletres.cat\/wp-content\/uploads\/2019\/07\/Captura-de-pantalla-2019-07-17-a-les-14.17.49-300x212.png 300w, https:\/\/riudelletres.cat\/wp-content\/uploads\/2019\/07\/Captura-de-pantalla-2019-07-17-a-les-14.17.49-768x542.png 768w\" sizes=\"(max-width: 848px) 100vw, 848px\" \/><\/figure>\n\n\n\n<figure class=\"wp-block-image is-resized\"><img loading=\"lazy\" src=\"http:\/\/riudelletres.cat\/wp-content\/uploads\/2019\/07\/Captura-de-pantalla-2019-07-17-a-les-14.17.55.png\" alt=\"\" class=\"wp-image-84\" width=\"801\" height=\"566\" srcset=\"https:\/\/riudelletres.cat\/wp-content\/uploads\/2019\/07\/Captura-de-pantalla-2019-07-17-a-les-14.17.55.png 842w, https:\/\/riudelletres.cat\/wp-content\/uploads\/2019\/07\/Captura-de-pantalla-2019-07-17-a-les-14.17.55-300x212.png 300w, https:\/\/riudelletres.cat\/wp-content\/uploads\/2019\/07\/Captura-de-pantalla-2019-07-17-a-les-14.17.55-768x543.png 768w, https:\/\/riudelletres.cat\/wp-content\/uploads\/2019\/07\/Captura-de-pantalla-2019-07-17-a-les-14.17.55-840x595.png 840w\" sizes=\"(max-width: 801px) 100vw, 801px\" \/><\/figure>\n","protected":false},"excerpt":{"rendered":"<p>En la segona edici\u00f3 del Riudelletres es van fer dues xerrades, una sobre comunicaci\u00f3 editorial a c\u00e0rrec de la comunicadora Neus Chord\u00e0 i una altra sobre mitjans i xarxes socials amb la Ilu Vilchez. En<\/p>\n","protected":false},"author":1,"featured_media":0,"parent":31,"menu_order":0,"comment_status":"closed","ping_status":"closed","template":"","meta":[],"_links":{"self":[{"href":"https:\/\/riudelletres.cat\/index.php\/wp-json\/wp\/v2\/pages\/506"}],"collection":[{"href":"https:\/\/riudelletres.cat\/index.php\/wp-json\/wp\/v2\/pages"}],"about":[{"href":"https:\/\/riudelletres.cat\/index.php\/wp-json\/wp\/v2\/types\/page"}],"author":[{"embeddable":true,"href":"https:\/\/riudelletres.cat\/index.php\/wp-json\/wp\/v2\/users\/1"}],"replies":[{"embeddable":true,"href":"https:\/\/riudelletres.cat\/index.php\/wp-json\/wp\/v2\/comments?post=506"}],"version-history":[{"count":1,"href":"https:\/\/riudelletres.cat\/index.php\/wp-json\/wp\/v2\/pages\/506\/revisions"}],"predecessor-version":[{"id":507,"href":"https:\/\/riudelletres.cat\/index.php\/wp-json\/wp\/v2\/pages\/506\/revisions\/507"}],"up":[{"embeddable":true,"href":"https:\/\/riudelletres.cat\/index.php\/wp-json\/wp\/v2\/pages\/31"}],"wp:attachment":[{"href":"https:\/\/riudelletres.cat\/index.php\/wp-json\/wp\/v2\/media?parent=506"}],"curies":[{"name":"wp","href":"https:\/\/api.w.org\/{rel}","templated":true}]}}

<p></p>



<p>En la segona edició del Riudelletres es van fer dues xerrades, una sobre comunicació editorial a càrrec de la comunicadora Neus Chordà i una altra sobre mitjans i xarxes socials amb la Ilu Vilchez. En les dues xerrades, van ser molt ben rebudes les aportacions dels participants i es van debatre les visions dels diferents sectors del món editorial.</p>



<figure class="wp-block-image"><img loading="lazy" width="848" height="598" src="http://riudelletres.cat/wp-content/uploads/2019/07/Captura-de-pantalla-2019-07-17-a-les-14.17.49.png" alt="" class="wp-image-83" srcset="https://riudelletres.cat/wp-content/uploads/2019/07/Captura-de-pantalla-2019-07-17-a-les-14.17.49.png 848w, https://riudelletres.cat/wp-content/uploads/2019/07/Captura-de-pantalla-2019-07-17-a-les-14.17.49-300x212.png 300w, https://riudelletres.cat/wp-content/uploads/2019/07/Captura-de-pantalla-2019-07-17-a-les-14.17.49-768x542.png 768w" sizes="(max-width: 848px) 100vw, 848px" /></figure>



<figure class="wp-block-image is-resized"><img loading="lazy" src="http://riudelletres.cat/wp-content/uploads/2019/07/Captura-de-pantalla-2019-07-17-a-les-14.17.55.png" alt="" class="wp-image-84" width="801" height="566" srcset="https://riudelletres.cat/wp-content/uploads/2019/07/Captura-de-pantalla-2019-07-17-a-les-14.17.55.png 842w, https://riudelletres.cat/wp-content/uploads/2019/07/Captura-de-pantalla-2019-07-17-a-les-14.17.55-300x212.png 300w, https://riudelletres.cat/wp-content/uploads/2019/07/Captura-de-pantalla-2019-07-17-a-les-14.17.55-768x543.png 768w, https://riudelletres.cat/wp-content/uploads/2019/07/Captura-de-pantalla-2019-07-17-a-les-14.17.55-840x595.png 840w" sizes="(max-width: 801px) 100vw, 801px" /></figure>

<p>En la segona edició del Riudelletres es van fer dues xerrades, una sobre comunicació editorial a càrrec de la comunicadora Neus Chordà i una altra sobre mitjans i xarxes socials amb la Ilu Vilchez. En</p>
