{"id":30,"date":"2019-07-17T13:33:19","date_gmt":"2019-07-17T11:33:19","guid":{"rendered":"http:\/\/riudelletres.cat\/?page_id=30"},"modified":"2025-07-29T09:38:18","modified_gmt":"2025-07-29T07:38:18","slug":"inscripcions","status":"publish","type":"page","link":"https:\/\/riudelletres.cat\/index.php\/inscripcions\/","title":{"rendered":"Inscripcions al Riudelletres 2025"},"content":{"rendered":"\n<p>Si ets un professional de la literatura (sigui del camp de les llibreries, editorials, entitats o de la doc\u00e8ncia), et pots inscriure com a professional acreditat i gaudir dels avantatges d&#8217;aquesta condici\u00f3. Aix\u00f2 vol dir acc\u00e9s preferent a totes les xerrades, obsequi, reserva de pla\u00e7a pels dinars populars i justificant de participaci\u00f3. A m\u00e9s a m\u00e9s, aquest any tamb\u00e9 sortejarem un lot de llibres per agrair la vostra pres\u00e8ncia entre tots els acreditats.  Per qualsevol dubte, podeu adre\u00e7ar-vos a riudelletres@gmail.com<\/p>\n\n\n\n<p>Inscripcions individuals per a participar en el Riudelletres 2025<\/p>\n\n\n\n<iframe loading=\"lazy\" src=\"https:\/\/docs.google.com\/forms\/d\/e\/1FAIpQLSfOi4OT8qRPYlYKf3zygGhOsyHp95cjOT_G_8CYUsFTepzsAw\/viewform?embedded=true\" marginheight=\"0\" marginwidth=\"0\" width=\"700\" height=\"520\" frameborder=\"0\">S&#39;est\u00e0 carregant\u2026<\/iframe>\n\n\n\n<p>Dinar popular<\/p>\n\n\n\n<p>Si, a m\u00e9s a m\u00e9s, us voleu quedar al dinar popular sigui de dissabte com de diumenge, tamb\u00e9 us heu d&#8217;inscriure aqu\u00ed. Preu del dinar \u00e9s de 14 euros el dissabte i de 16 euros el diumenge amb tot incl\u00f2s (dinar, beguda i postre).<\/p>\n\n\n\n<iframe loading=\"lazy\" src=\"https:\/\/docs.google.com\/forms\/d\/e\/1FAIpQLScab0WR4S1kpri8c57Uv_Vxiqcq5Z3keUAmxH-KLkk6LPZQLg\/viewform?embedded=true\" marginheight=\"0\" marginwidth=\"0\" width=\"700\" height=\"520\" frameborder=\"0\">S&#39;est\u00e0 carregant\u2026<\/iframe>\n\n\n\n<p><\/p>\n\n\n\n<p><\/p>\n","protected":false},"excerpt":{"rendered":"<p>Si ets un professional de la literatura (sigui del camp de les llibreries, editorials, entitats o de la doc\u00e8ncia), et pots inscriure com a professional acreditat i gaudir dels avantatges d&#8217;aquesta condici\u00f3. Aix\u00f2 vol dir<\/p>\n","protected":false},"author":1,"featured_media":0,"parent":0,"menu_order":0,"comment_status":"closed","ping_status":"closed","template":"","meta":[],"_links":{"self":[{"href":"https:\/\/riudelletres.cat\/index.php\/wp-json\/wp\/v2\/pages\/30"}],"collection":[{"href":"https:\/\/riudelletres.cat\/index.php\/wp-json\/wp\/v2\/pages"}],"about":[{"href":"https:\/\/riudelletres.cat\/index.php\/wp-json\/wp\/v2\/types\/page"}],"author":[{"embeddable":true,"href":"https:\/\/riudelletres.cat\/index.php\/wp-json\/wp\/v2\/users\/1"}],"replies":[{"embeddable":true,"href":"https:\/\/riudelletres.cat\/index.php\/wp-json\/wp\/v2\/comments?post=30"}],"version-history":[{"count":16,"href":"https:\/\/riudelletres.cat\/index.php\/wp-json\/wp\/v2\/pages\/30\/revisions"}],"predecessor-version":[{"id":1274,"href":"https:\/\/riudelletres.cat\/index.php\/wp-json\/wp\/v2\/pages\/30\/revisions\/1274"}],"wp:attachment":[{"href":"https:\/\/riudelletres.cat\/index.php\/wp-json\/wp\/v2\/media?parent=30"}],"curies":[{"name":"wp","href":"https:\/\/api.w.org\/{rel}","templated":true}]}}

<p>Si ets un professional de la literatura (sigui del camp de les llibreries, editorials, entitats o de la docència), et pots inscriure com a professional acreditat i gaudir dels avantatges d&#8217;aquesta condició. Això vol dir accés preferent a totes les xerrades, obsequi, reserva de plaça pels dinars populars i justificant de participació. A més a més, aquest any també sortejarem un lot de llibres per agrair la vostra presència entre tots els acreditats.  Per qualsevol dubte, podeu adreçar-vos a riudelletres@gmail.com</p>



<p>Inscripcions individuals per a participar en el Riudelletres 2025</p>



<iframe loading="lazy" src="https://docs.google.com/forms/d/e/1FAIpQLSfOi4OT8qRPYlYKf3zygGhOsyHp95cjOT_G_8CYUsFTepzsAw/viewform?embedded=true" marginheight="0" marginwidth="0" width="700" height="520" frameborder="0">S&#39;està carregant…</iframe>



<p>Dinar popular</p>



<p>Si, a més a més, us voleu quedar al dinar popular sigui de dissabte com de diumenge, també us heu d&#8217;inscriure aquí. Preu del dinar és de 14 euros el dissabte i de 16 euros el diumenge amb tot inclòs (dinar, beguda i postre).</p>



<iframe loading="lazy" src="https://docs.google.com/forms/d/e/1FAIpQLScab0WR4S1kpri8c57Uv_Vxiqcq5Z3keUAmxH-KLkk6LPZQLg/viewform?embedded=true" marginheight="0" marginwidth="0" width="700" height="520" frameborder="0">S&#39;està carregant…</iframe>



<p></p>



<p></p>

<p>Si ets un professional de la literatura (sigui del camp de les llibreries, editorials, entitats o de la docència), et pots inscriure com a professional acreditat i gaudir dels avantatges d&#8217;aquesta condició. Això vol dir</p>
