{"id":27,"date":"2019-07-17T13:33:18","date_gmt":"2019-07-17T11:33:18","guid":{"rendered":"http:\/\/riudelletres.cat\/?page_id=27"},"modified":"2025-07-21T20:42:29","modified_gmt":"2025-07-21T18:42:29","slug":"espai","status":"publish","type":"page","link":"https:\/\/riudelletres.cat\/index.php\/que-es\/espai\/","title":{"rendered":"Espai"},"content":{"rendered":"\n<p>El Riudelletres es fa al nucli antic de Sant Pere de Riudebitlles entre la Biblioteca municipal Maria \u00c0ngels Torrents i la Pla\u00e7a de l&#8217;Esgl\u00e9sia, un espai emblem\u00e0tic per la hist\u00f2ria del nostre poble i que tots els visitants valoren per la seva excepcionalitat.<\/p>\n\n\n\n<figure class=\"wp-block-gallery columns-3 is-cropped\"><ul class=\"blocks-gallery-grid\"><li class=\"blocks-gallery-item\"><figure><img loading=\"lazy\" width=\"1024\" height=\"768\" src=\"http:\/\/riudelletres.cat\/wp-content\/uploads\/2025\/07\/IMG_7778-1024x768.jpeg\" alt=\"\" data-id=\"1264\" data-full-url=\"http:\/\/riudelletres.cat\/wp-content\/uploads\/2025\/07\/IMG_7778-scaled.jpeg\" data-link=\"https:\/\/riudelletres.cat\/index.php\/que-es\/espai\/img_7778\/\" class=\"wp-image-1264\" srcset=\"https:\/\/riudelletres.cat\/wp-content\/uploads\/2025\/07\/IMG_7778-1024x768.jpeg 1024w, https:\/\/riudelletres.cat\/wp-content\/uploads\/2025\/07\/IMG_7778-300x225.jpeg 300w, https:\/\/riudelletres.cat\/wp-content\/uploads\/2025\/07\/IMG_7778-768x576.jpeg 768w, https:\/\/riudelletres.cat\/wp-content\/uploads\/2025\/07\/IMG_7778-1536x1152.jpeg 1536w, https:\/\/riudelletres.cat\/wp-content\/uploads\/2025\/07\/IMG_7778-2048x1536.jpeg 2048w, https:\/\/riudelletres.cat\/wp-content\/uploads\/2025\/07\/IMG_7778-840x630.jpeg 840w, https:\/\/riudelletres.cat\/wp-content\/uploads\/2025\/07\/IMG_7778-440x330.jpeg 440w\" sizes=\"(max-width: 1024px) 100vw, 1024px\" \/><\/figure><\/li><li class=\"blocks-gallery-item\"><figure><img loading=\"lazy\" width=\"1024\" height=\"768\" src=\"http:\/\/riudelletres.cat\/wp-content\/uploads\/2025\/07\/Riudelletres-2024_1-1024x768.jpeg\" alt=\"\" data-id=\"1265\" data-full-url=\"http:\/\/riudelletres.cat\/wp-content\/uploads\/2025\/07\/Riudelletres-2024_1.jpeg\" data-link=\"https:\/\/riudelletres.cat\/index.php\/que-es\/espai\/riudelletres-2024_1-2\/\" class=\"wp-image-1265\" srcset=\"https:\/\/riudelletres.cat\/wp-content\/uploads\/2025\/07\/Riudelletres-2024_1-1024x768.jpeg 1024w, https:\/\/riudelletres.cat\/wp-content\/uploads\/2025\/07\/Riudelletres-2024_1-300x225.jpeg 300w, https:\/\/riudelletres.cat\/wp-content\/uploads\/2025\/07\/Riudelletres-2024_1-768x576.jpeg 768w, https:\/\/riudelletres.cat\/wp-content\/uploads\/2025\/07\/Riudelletres-2024_1-1536x1152.jpeg 1536w, https:\/\/riudelletres.cat\/wp-content\/uploads\/2025\/07\/Riudelletres-2024_1-840x630.jpeg 840w, https:\/\/riudelletres.cat\/wp-content\/uploads\/2025\/07\/Riudelletres-2024_1-440x330.jpeg 440w, https:\/\/riudelletres.cat\/wp-content\/uploads\/2025\/07\/Riudelletres-2024_1.jpeg 2048w\" sizes=\"(max-width: 1024px) 100vw, 1024px\" \/><\/figure><\/li><li class=\"blocks-gallery-item\"><figure><img loading=\"lazy\" width=\"1024\" height=\"768\" src=\"http:\/\/riudelletres.cat\/wp-content\/uploads\/2025\/07\/Riudelletres-2024_22-1024x768.jpeg\" alt=\"\" data-id=\"1266\" data-full-url=\"http:\/\/riudelletres.cat\/wp-content\/uploads\/2025\/07\/Riudelletres-2024_22.jpeg\" data-link=\"https:\/\/riudelletres.cat\/index.php\/que-es\/espai\/riudelletres-2024_22\/\" class=\"wp-image-1266\" srcset=\"https:\/\/riudelletres.cat\/wp-content\/uploads\/2025\/07\/Riudelletres-2024_22-1024x768.jpeg 1024w, https:\/\/riudelletres.cat\/wp-content\/uploads\/2025\/07\/Riudelletres-2024_22-300x225.jpeg 300w, https:\/\/riudelletres.cat\/wp-content\/uploads\/2025\/07\/Riudelletres-2024_22-768x576.jpeg 768w, https:\/\/riudelletres.cat\/wp-content\/uploads\/2025\/07\/Riudelletres-2024_22-1536x1152.jpeg 1536w, https:\/\/riudelletres.cat\/wp-content\/uploads\/2025\/07\/Riudelletres-2024_22-840x630.jpeg 840w, https:\/\/riudelletres.cat\/wp-content\/uploads\/2025\/07\/Riudelletres-2024_22-440x330.jpeg 440w, https:\/\/riudelletres.cat\/wp-content\/uploads\/2025\/07\/Riudelletres-2024_22.jpeg 2048w\" sizes=\"(max-width: 1024px) 100vw, 1024px\" \/><\/figure><\/li><li class=\"blocks-gallery-item\"><figure><img loading=\"lazy\" width=\"1024\" height=\"768\" src=\"http:\/\/riudelletres.cat\/wp-content\/uploads\/2025\/07\/WhatsApp-Image-2023-10-01-at-16.42.49-1024x768.jpeg\" alt=\"\" data-id=\"1268\" data-full-url=\"http:\/\/riudelletres.cat\/wp-content\/uploads\/2025\/07\/WhatsApp-Image-2023-10-01-at-16.42.49.jpeg\" data-link=\"https:\/\/riudelletres.cat\/index.php\/que-es\/espai\/whatsapp-image-2023-10-01-at-16-42-49-2\/\" class=\"wp-image-1268\" srcset=\"https:\/\/riudelletres.cat\/wp-content\/uploads\/2025\/07\/WhatsApp-Image-2023-10-01-at-16.42.49-1024x768.jpeg 1024w, https:\/\/riudelletres.cat\/wp-content\/uploads\/2025\/07\/WhatsApp-Image-2023-10-01-at-16.42.49-300x225.jpeg 300w, https:\/\/riudelletres.cat\/wp-content\/uploads\/2025\/07\/WhatsApp-Image-2023-10-01-at-16.42.49-768x576.jpeg 768w, https:\/\/riudelletres.cat\/wp-content\/uploads\/2025\/07\/WhatsApp-Image-2023-10-01-at-16.42.49-1536x1152.jpeg 1536w, https:\/\/riudelletres.cat\/wp-content\/uploads\/2025\/07\/WhatsApp-Image-2023-10-01-at-16.42.49-840x630.jpeg 840w, https:\/\/riudelletres.cat\/wp-content\/uploads\/2025\/07\/WhatsApp-Image-2023-10-01-at-16.42.49-440x330.jpeg 440w, https:\/\/riudelletres.cat\/wp-content\/uploads\/2025\/07\/WhatsApp-Image-2023-10-01-at-16.42.49.jpeg 1600w\" sizes=\"(max-width: 1024px) 100vw, 1024px\" \/><\/figure><\/li><li class=\"blocks-gallery-item\"><figure><img loading=\"lazy\" width=\"1024\" height=\"768\" src=\"http:\/\/riudelletres.cat\/wp-content\/uploads\/2022\/09\/image00067-1024x768.jpeg\" alt=\"\" data-id=\"870\" data-full-url=\"http:\/\/riudelletres.cat\/wp-content\/uploads\/2022\/09\/image00067.jpeg\" data-link=\"https:\/\/riudelletres.cat\/index.php\/programa-riudelletres-2022\/image00067\/\" class=\"wp-image-870\" srcset=\"https:\/\/riudelletres.cat\/wp-content\/uploads\/2022\/09\/image00067-1024x768.jpeg 1024w, https:\/\/riudelletres.cat\/wp-content\/uploads\/2022\/09\/image00067-300x225.jpeg 300w, https:\/\/riudelletres.cat\/wp-content\/uploads\/2022\/09\/image00067-768x576.jpeg 768w, https:\/\/riudelletres.cat\/wp-content\/uploads\/2022\/09\/image00067-1536x1152.jpeg 1536w, https:\/\/riudelletres.cat\/wp-content\/uploads\/2022\/09\/image00067-840x630.jpeg 840w, https:\/\/riudelletres.cat\/wp-content\/uploads\/2022\/09\/image00067-440x330.jpeg 440w, https:\/\/riudelletres.cat\/wp-content\/uploads\/2022\/09\/image00067.jpeg 2048w\" sizes=\"(max-width: 1024px) 100vw, 1024px\" \/><\/figure><\/li><li class=\"blocks-gallery-item\"><figure><img loading=\"lazy\" width=\"576\" height=\"1024\" src=\"http:\/\/riudelletres.cat\/wp-content\/uploads\/2024\/06\/WhatsApp-Image-2023-10-01-at-14.36.53-1-576x1024.jpeg\" alt=\"\" data-id=\"1089\" data-full-url=\"http:\/\/riudelletres.cat\/wp-content\/uploads\/2024\/06\/WhatsApp-Image-2023-10-01-at-14.36.53-1.jpeg\" data-link=\"https:\/\/riudelletres.cat\/index.php\/riudelletres-2023-en-imatges\/whatsapp-image-2023-10-01-at-14-36-53-1\/\" class=\"wp-image-1089\" srcset=\"https:\/\/riudelletres.cat\/wp-content\/uploads\/2024\/06\/WhatsApp-Image-2023-10-01-at-14.36.53-1-576x1024.jpeg 576w, https:\/\/riudelletres.cat\/wp-content\/uploads\/2024\/06\/WhatsApp-Image-2023-10-01-at-14.36.53-1-169x300.jpeg 169w, https:\/\/riudelletres.cat\/wp-content\/uploads\/2024\/06\/WhatsApp-Image-2023-10-01-at-14.36.53-1-768x1365.jpeg 768w, https:\/\/riudelletres.cat\/wp-content\/uploads\/2024\/06\/WhatsApp-Image-2023-10-01-at-14.36.53-1-864x1536.jpeg 864w, https:\/\/riudelletres.cat\/wp-content\/uploads\/2024\/06\/WhatsApp-Image-2023-10-01-at-14.36.53-1.jpeg 1125w\" sizes=\"(max-width: 576px) 100vw, 576px\" \/><\/figure><\/li><\/ul><\/figure>\n\n\n\n<p>Casal del Marqu\u00e8s de Lli\u00f3 &#8211; Biblioteca municipal Maria \u00c0ngels Torrents. L&#8217;edifici m\u00e9s emblem\u00e0tic de Sant Pere de Riudebitlles \u00e9s un gran casal g\u00f2tic fortificat, a tocar l&#8217;esgl\u00e9sia, obra dels segles XIII-XIV. Es tracta d&#8217;un dels pocs exemples d&#8217;edifici g\u00f2tic de car\u00e0cter civil que es conserven  a Catalunya. La fa\u00e7ana, de 23 m d&#8217;amplada i 10 m d&#8217;al\u00e7ada, est\u00e0  presidida per 8 finestres, 4 al primer pis que s\u00f3n tr\u00edfores, i les 4 del  segon que s\u00f3n b\u00edfores. Entre les unes i les altres hi trobem 4 escuts  de llinatge dels Marquesos de Lli\u00f3. Un cinqu\u00e8 escut de marbre corona  l&#8217;arc de mig punt de la porta. Al mol\u00ed del marqu\u00e8s (Cal R\u00f2mul) en trobem dos m\u00e9s.<\/p>\n\n\n\n<p>Els or\u00edgens d&#8217;aquest magn\u00edfic edifici els podr\u00edem situar a cavall dels<strong> segles XIII i XIV<\/strong>.  Al segle XVIII, el Marqu\u00e8s de Lli\u00f3 ( impulsor de la construcci\u00f3 de  molts dels molins) amplia el casal amb un mol\u00ed paperer que es va  mantenir en actiu fins al 1990.<\/p>\n\n\n\n<p>V<\/p>\n\n\n\n<figure class=\"wp-block-image\"><img loading=\"lazy\" width=\"1024\" height=\"768\" src=\"http:\/\/riudelletres.cat\/wp-content\/uploads\/2019\/07\/marquesos-1024x768.jpg\" alt=\"\" class=\"wp-image-61\" srcset=\"https:\/\/riudelletres.cat\/wp-content\/uploads\/2019\/07\/marquesos.jpg 1024w, https:\/\/riudelletres.cat\/wp-content\/uploads\/2019\/07\/marquesos-300x225.jpg 300w, https:\/\/riudelletres.cat\/wp-content\/uploads\/2019\/07\/marquesos-768x576.jpg 768w, https:\/\/riudelletres.cat\/wp-content\/uploads\/2019\/07\/marquesos-840x630.jpg 840w, https:\/\/riudelletres.cat\/wp-content\/uploads\/2019\/07\/marquesos-440x330.jpg 440w\" sizes=\"(max-width: 1024px) 100vw, 1024px\" \/><\/figure>\n","protected":false},"excerpt":{"rendered":"<p>El Riudelletres es fa al nucli antic de Sant Pere de Riudebitlles entre la Biblioteca municipal Maria \u00c0ngels Torrents i la Pla\u00e7a de l&#8217;Esgl\u00e9sia, un espai emblem\u00e0tic per la hist\u00f2ria del nostre poble i que<\/p>\n","protected":false},"author":1,"featured_media":0,"parent":25,"menu_order":0,"comment_status":"closed","ping_status":"closed","template":"","meta":[],"_links":{"self":[{"href":"https:\/\/riudelletres.cat\/index.php\/wp-json\/wp\/v2\/pages\/27"}],"collection":[{"href":"https:\/\/riudelletres.cat\/index.php\/wp-json\/wp\/v2\/pages"}],"about":[{"href":"https:\/\/riudelletres.cat\/index.php\/wp-json\/wp\/v2\/types\/page"}],"author":[{"embeddable":true,"href":"https:\/\/riudelletres.cat\/index.php\/wp-json\/wp\/v2\/users\/1"}],"replies":[{"embeddable":true,"href":"https:\/\/riudelletres.cat\/index.php\/wp-json\/wp\/v2\/comments?post=27"}],"version-history":[{"count":8,"href":"https:\/\/riudelletres.cat\/index.php\/wp-json\/wp\/v2\/pages\/27\/revisions"}],"predecessor-version":[{"id":1269,"href":"https:\/\/riudelletres.cat\/index.php\/wp-json\/wp\/v2\/pages\/27\/revisions\/1269"}],"up":[{"embeddable":true,"href":"https:\/\/riudelletres.cat\/index.php\/wp-json\/wp\/v2\/pages\/25"}],"wp:attachment":[{"href":"https:\/\/riudelletres.cat\/index.php\/wp-json\/wp\/v2\/media?parent=27"}],"curies":[{"name":"wp","href":"https:\/\/api.w.org\/{rel}","templated":true}]}}

<p>El Riudelletres es fa al nucli antic de Sant Pere de Riudebitlles entre la Biblioteca municipal Maria Àngels Torrents i la Plaça de l&#8217;Església, un espai emblemàtic per la història del nostre poble i que tots els visitants valoren per la seva excepcionalitat.</p>



<figure class="wp-block-gallery columns-3 is-cropped"><ul class="blocks-gallery-grid"><li class="blocks-gallery-item"><figure><img loading="lazy" width="1024" height="768" src="http://riudelletres.cat/wp-content/uploads/2025/07/IMG_7778-1024x768.jpeg" alt="" data-id="1264" data-full-url="http://riudelletres.cat/wp-content/uploads/2025/07/IMG_7778-scaled.jpeg" data-link="https://riudelletres.cat/index.php/que-es/espai/img_7778/" class="wp-image-1264" srcset="https://riudelletres.cat/wp-content/uploads/2025/07/IMG_7778-1024x768.jpeg 1024w, https://riudelletres.cat/wp-content/uploads/2025/07/IMG_7778-300x225.jpeg 300w, https://riudelletres.cat/wp-content/uploads/2025/07/IMG_7778-768x576.jpeg 768w, https://riudelletres.cat/wp-content/uploads/2025/07/IMG_7778-1536x1152.jpeg 1536w, https://riudelletres.cat/wp-content/uploads/2025/07/IMG_7778-2048x1536.jpeg 2048w, https://riudelletres.cat/wp-content/uploads/2025/07/IMG_7778-840x630.jpeg 840w, https://riudelletres.cat/wp-content/uploads/2025/07/IMG_7778-440x330.jpeg 440w" sizes="(max-width: 1024px) 100vw, 1024px" /></figure></li><li class="blocks-gallery-item"><figure><img loading="lazy" width="1024" height="768" src="http://riudelletres.cat/wp-content/uploads/2025/07/Riudelletres-2024_1-1024x768.jpeg" alt="" data-id="1265" data-full-url="http://riudelletres.cat/wp-content/uploads/2025/07/Riudelletres-2024_1.jpeg" data-link="https://riudelletres.cat/index.php/que-es/espai/riudelletres-2024_1-2/" class="wp-image-1265" srcset="https://riudelletres.cat/wp-content/uploads/2025/07/Riudelletres-2024_1-1024x768.jpeg 1024w, https://riudelletres.cat/wp-content/uploads/2025/07/Riudelletres-2024_1-300x225.jpeg 300w, https://riudelletres.cat/wp-content/uploads/2025/07/Riudelletres-2024_1-768x576.jpeg 768w, https://riudelletres.cat/wp-content/uploads/2025/07/Riudelletres-2024_1-1536x1152.jpeg 1536w, https://riudelletres.cat/wp-content/uploads/2025/07/Riudelletres-2024_1-840x630.jpeg 840w, https://riudelletres.cat/wp-content/uploads/2025/07/Riudelletres-2024_1-440x330.jpeg 440w, https://riudelletres.cat/wp-content/uploads/2025/07/Riudelletres-2024_1.jpeg 2048w" sizes="(max-width: 1024px) 100vw, 1024px" /></figure></li><li class="blocks-gallery-item"><figure><img loading="lazy" width="1024" height="768" src="http://riudelletres.cat/wp-content/uploads/2025/07/Riudelletres-2024_22-1024x768.jpeg" alt="" data-id="1266" data-full-url="http://riudelletres.cat/wp-content/uploads/2025/07/Riudelletres-2024_22.jpeg" data-link="https://riudelletres.cat/index.php/que-es/espai/riudelletres-2024_22/" class="wp-image-1266" srcset="https://riudelletres.cat/wp-content/uploads/2025/07/Riudelletres-2024_22-1024x768.jpeg 1024w, https://riudelletres.cat/wp-content/uploads/2025/07/Riudelletres-2024_22-300x225.jpeg 300w, https://riudelletres.cat/wp-content/uploads/2025/07/Riudelletres-2024_22-768x576.jpeg 768w, https://riudelletres.cat/wp-content/uploads/2025/07/Riudelletres-2024_22-1536x1152.jpeg 1536w, https://riudelletres.cat/wp-content/uploads/2025/07/Riudelletres-2024_22-840x630.jpeg 840w, https://riudelletres.cat/wp-content/uploads/2025/07/Riudelletres-2024_22-440x330.jpeg 440w, https://riudelletres.cat/wp-content/uploads/2025/07/Riudelletres-2024_22.jpeg 2048w" sizes="(max-width: 1024px) 100vw, 1024px" /></figure></li><li class="blocks-gallery-item"><figure><img loading="lazy" width="1024" height="768" src="http://riudelletres.cat/wp-content/uploads/2025/07/WhatsApp-Image-2023-10-01-at-16.42.49-1024x768.jpeg" alt="" data-id="1268" data-full-url="http://riudelletres.cat/wp-content/uploads/2025/07/WhatsApp-Image-2023-10-01-at-16.42.49.jpeg" data-link="https://riudelletres.cat/index.php/que-es/espai/whatsapp-image-2023-10-01-at-16-42-49-2/" class="wp-image-1268" srcset="https://riudelletres.cat/wp-content/uploads/2025/07/WhatsApp-Image-2023-10-01-at-16.42.49-1024x768.jpeg 1024w, https://riudelletres.cat/wp-content/uploads/2025/07/WhatsApp-Image-2023-10-01-at-16.42.49-300x225.jpeg 300w, https://riudelletres.cat/wp-content/uploads/2025/07/WhatsApp-Image-2023-10-01-at-16.42.49-768x576.jpeg 768w, https://riudelletres.cat/wp-content/uploads/2025/07/WhatsApp-Image-2023-10-01-at-16.42.49-1536x1152.jpeg 1536w, https://riudelletres.cat/wp-content/uploads/2025/07/WhatsApp-Image-2023-10-01-at-16.42.49-840x630.jpeg 840w, https://riudelletres.cat/wp-content/uploads/2025/07/WhatsApp-Image-2023-10-01-at-16.42.49-440x330.jpeg 440w, https://riudelletres.cat/wp-content/uploads/2025/07/WhatsApp-Image-2023-10-01-at-16.42.49.jpeg 1600w" sizes="(max-width: 1024px) 100vw, 1024px" /></figure></li><li class="blocks-gallery-item"><figure><img loading="lazy" width="1024" height="768" src="http://riudelletres.cat/wp-content/uploads/2022/09/image00067-1024x768.jpeg" alt="" data-id="870" data-full-url="http://riudelletres.cat/wp-content/uploads/2022/09/image00067.jpeg" data-link="https://riudelletres.cat/index.php/programa-riudelletres-2022/image00067/" class="wp-image-870" srcset="https://riudelletres.cat/wp-content/uploads/2022/09/image00067-1024x768.jpeg 1024w, https://riudelletres.cat/wp-content/uploads/2022/09/image00067-300x225.jpeg 300w, https://riudelletres.cat/wp-content/uploads/2022/09/image00067-768x576.jpeg 768w, https://riudelletres.cat/wp-content/uploads/2022/09/image00067-1536x1152.jpeg 1536w, https://riudelletres.cat/wp-content/uploads/2022/09/image00067-840x630.jpeg 840w, https://riudelletres.cat/wp-content/uploads/2022/09/image00067-440x330.jpeg 440w, https://riudelletres.cat/wp-content/uploads/2022/09/image00067.jpeg 2048w" sizes="(max-width: 1024px) 100vw, 1024px" /></figure></li><li class="blocks-gallery-item"><figure><img loading="lazy" width="576" height="1024" src="http://riudelletres.cat/wp-content/uploads/2024/06/WhatsApp-Image-2023-10-01-at-14.36.53-1-576x1024.jpeg" alt="" data-id="1089" data-full-url="http://riudelletres.cat/wp-content/uploads/2024/06/WhatsApp-Image-2023-10-01-at-14.36.53-1.jpeg" data-link="https://riudelletres.cat/index.php/riudelletres-2023-en-imatges/whatsapp-image-2023-10-01-at-14-36-53-1/" class="wp-image-1089" srcset="https://riudelletres.cat/wp-content/uploads/2024/06/WhatsApp-Image-2023-10-01-at-14.36.53-1-576x1024.jpeg 576w, https://riudelletres.cat/wp-content/uploads/2024/06/WhatsApp-Image-2023-10-01-at-14.36.53-1-169x300.jpeg 169w, https://riudelletres.cat/wp-content/uploads/2024/06/WhatsApp-Image-2023-10-01-at-14.36.53-1-768x1365.jpeg 768w, https://riudelletres.cat/wp-content/uploads/2024/06/WhatsApp-Image-2023-10-01-at-14.36.53-1-864x1536.jpeg 864w, https://riudelletres.cat/wp-content/uploads/2024/06/WhatsApp-Image-2023-10-01-at-14.36.53-1.jpeg 1125w" sizes="(max-width: 576px) 100vw, 576px" /></figure></li></ul></figure>



<p>Casal del Marquès de Llió &#8211; Biblioteca municipal Maria Àngels Torrents. L&#8217;edifici més emblemàtic de Sant Pere de Riudebitlles és un gran casal gòtic fortificat, a tocar l&#8217;església, obra dels segles XIII-XIV. Es tracta d&#8217;un dels pocs exemples d&#8217;edifici gòtic de caràcter civil que es conserven  a Catalunya. La façana, de 23 m d&#8217;amplada i 10 m d&#8217;alçada, està  presidida per 8 finestres, 4 al primer pis que són trífores, i les 4 del  segon que són bífores. Entre les unes i les altres hi trobem 4 escuts  de llinatge dels Marquesos de Llió. Un cinquè escut de marbre corona  l&#8217;arc de mig punt de la porta. Al molí del marquès (Cal Ròmul) en trobem dos més.</p>



<p>Els orígens d&#8217;aquest magnífic edifici els podríem situar a cavall dels<strong> segles XIII i XIV</strong>.  Al segle XVIII, el Marquès de Llió ( impulsor de la construcció de  molts dels molins) amplia el casal amb un molí paperer que es va  mantenir en actiu fins al 1990.</p>



<p>V</p>



<figure class="wp-block-image"><img loading="lazy" width="1024" height="768" src="http://riudelletres.cat/wp-content/uploads/2019/07/marquesos-1024x768.jpg" alt="" class="wp-image-61" srcset="https://riudelletres.cat/wp-content/uploads/2019/07/marquesos.jpg 1024w, https://riudelletres.cat/wp-content/uploads/2019/07/marquesos-300x225.jpg 300w, https://riudelletres.cat/wp-content/uploads/2019/07/marquesos-768x576.jpg 768w, https://riudelletres.cat/wp-content/uploads/2019/07/marquesos-840x630.jpg 840w, https://riudelletres.cat/wp-content/uploads/2019/07/marquesos-440x330.jpg 440w" sizes="(max-width: 1024px) 100vw, 1024px" /></figure>

<p>El Riudelletres es fa al nucli antic de Sant Pere de Riudebitlles entre la Biblioteca municipal Maria Àngels Torrents i la Plaça de l&#8217;Església, un espai emblemàtic per la història del nostre poble i que</p>
