{"id":25,"date":"2019-07-17T13:33:17","date_gmt":"2019-07-17T11:33:17","guid":{"rendered":"http:\/\/riudelletres.cat\/?page_id=25"},"modified":"2026-02-11T06:38:18","modified_gmt":"2026-02-11T05:38:18","slug":"que-es","status":"publish","type":"page","link":"https:\/\/riudelletres.cat\/index.php\/que-es\/","title":{"rendered":"Qu\u00e8 \u00e9s el Riudelletres"},"content":{"rendered":"\n<p>Riudelletres \u00e9s la fira de llibres del Pened\u00e8s i, alhora, una jornada de treball, debat i formaci\u00f3 per a tots els sectors implicats en la literatura que es fa cada any a Sant Pere de Riudebitlles.<\/p>\n\n\n\n<p>Per aquest 2026, hem preparat una doble jornada en un cap de setmana: <strong>el 12 i 13 de setembre.<\/strong> <\/p>\n\n\n\n<p>El 2017 es va fer la primera edici\u00f3 d&#8217;aquesta trobada en qu\u00e8 gent del m\u00f3n de l&#8217;escriptura, de l&#8217;edici\u00f3, de les llibreries, de les biblioteques, de la comunicaci\u00f3 cultural i de la doc\u00e8ncia debaten i aprenen sobre la promoci\u00f3 de la literatura en tots els \u00e0mbits. L&#8217;objectiu de la trobada \u00e9s posar en contacte tots els sectors del m\u00f3n del llibre per tal de trobar nous camins a tra\u00e7ar en publicitat, comunicaci\u00f3, col\u00b7laboraci\u00f3 o promoci\u00f3 dels llibres editats. <\/p>\n\n\n\n<figure class=\"wp-block-image\"><img loading=\"lazy\" width=\"1024\" height=\"324\" src=\"http:\/\/riudelletres.cat\/wp-content\/uploads\/2019\/07\/ui-hi-1024x324.png\" alt=\"\" class=\"wp-image-66\" srcset=\"https:\/\/riudelletres.cat\/wp-content\/uploads\/2019\/07\/ui-hi-1024x324.png 1024w, https:\/\/riudelletres.cat\/wp-content\/uploads\/2019\/07\/ui-hi-300x95.png 300w, https:\/\/riudelletres.cat\/wp-content\/uploads\/2019\/07\/ui-hi-768x243.png 768w, https:\/\/riudelletres.cat\/wp-content\/uploads\/2019\/07\/ui-hi.png 1243w\" sizes=\"(max-width: 1024px) 100vw, 1024px\" \/><\/figure>\n\n\n\n<p>La jornada est\u00e0 organitzada pel Projecte Riudelletres en col\u00b7laboraci\u00f3 amb l&#8217;Ajuntament de Sant Pere de Riudebitlles, el Departament de Cultura de la Generalitat, la Diputaci\u00f3 de Barcelona, la Biblioteca Maria \u00c0ngels Torrents i el servei de Biblioteques de la Diputaci\u00f3 de Barcelona.<\/p>\n\n\n\n<div class=\"wp-block-image\"><figure class=\"alignleft is-resized\"><img loading=\"lazy\" src=\"http:\/\/riudelletres.cat\/wp-content\/uploads\/2019\/07\/escut-riudebitlles-petit.png\" alt=\"\" class=\"wp-image-100\" width=\"60\" height=\"97\"\/><\/figure><\/div>\n\n\n\n<div class=\"wp-block-image\"><figure class=\"alignleft is-resized\"><img loading=\"lazy\" src=\"http:\/\/riudelletres.cat\/wp-content\/uploads\/2019\/07\/logo-biblio_petit.jpg\" alt=\"\" class=\"wp-image-101\" width=\"101\" height=\"99\"\/><\/figure><\/div>\n\n\n\n<div class=\"wp-block-image\"><figure class=\"alignleft is-resized\"><img loading=\"lazy\" src=\"http:\/\/riudelletres.cat\/wp-content\/uploads\/2019\/07\/cultura_h3.jpg\" alt=\"\" class=\"wp-image-103\" width=\"270\" height=\"62\" srcset=\"https:\/\/riudelletres.cat\/wp-content\/uploads\/2019\/07\/cultura_h3.jpg 454w, https:\/\/riudelletres.cat\/wp-content\/uploads\/2019\/07\/cultura_h3-300x69.jpg 300w\" sizes=\"(max-width: 270px) 100vw, 270px\" \/><\/figure><\/div>\n\n\n\n<div class=\"wp-block-image\"><figure class=\"alignleft is-resized\"><img loading=\"lazy\" src=\"http:\/\/riudelletres.cat\/wp-content\/uploads\/2019\/07\/DB-Xarxa-de-Biblioteques-Municipals-vertical-201.jpg\" alt=\"\" class=\"wp-image-99\" width=\"98\" height=\"73\" srcset=\"https:\/\/riudelletres.cat\/wp-content\/uploads\/2019\/07\/DB-Xarxa-de-Biblioteques-Municipals-vertical-201.jpg 673w, https:\/\/riudelletres.cat\/wp-content\/uploads\/2019\/07\/DB-Xarxa-de-Biblioteques-Municipals-vertical-201-300x222.jpg 300w, https:\/\/riudelletres.cat\/wp-content\/uploads\/2019\/07\/DB-Xarxa-de-Biblioteques-Municipals-vertical-201-440x330.jpg 440w\" sizes=\"(max-width: 98px) 100vw, 98px\" \/><\/figure><\/div>\n\n\n\n<figure class=\"wp-block-image\"><img loading=\"lazy\" width=\"1024\" height=\"576\" src=\"http:\/\/riudelletres.cat\/wp-content\/uploads\/2019\/07\/20180929_124240-1024x576.jpg\" alt=\"\" class=\"wp-image-52\" srcset=\"https:\/\/riudelletres.cat\/wp-content\/uploads\/2019\/07\/20180929_124240-1024x576.jpg 1024w, https:\/\/riudelletres.cat\/wp-content\/uploads\/2019\/07\/20180929_124240-300x169.jpg 300w, https:\/\/riudelletres.cat\/wp-content\/uploads\/2019\/07\/20180929_124240-768x432.jpg 768w, https:\/\/riudelletres.cat\/wp-content\/uploads\/2019\/07\/20180929_124240-1568x882.jpg 1568w\" sizes=\"(max-width: 1024px) 100vw, 1024px\" \/><\/figure>\n\n\n\n<p><\/p>\n","protected":false},"excerpt":{"rendered":"<p>Riudelletres \u00e9s la fira de llibres del Pened\u00e8s i, alhora, una jornada de treball, debat i formaci\u00f3 per a tots els sectors implicats en la literatura que es fa cada any a Sant Pere de<\/p>\n","protected":false},"author":1,"featured_media":0,"parent":0,"menu_order":0,"comment_status":"closed","ping_status":"closed","template":"","meta":[],"_links":{"self":[{"href":"https:\/\/riudelletres.cat\/index.php\/wp-json\/wp\/v2\/pages\/25"}],"collection":[{"href":"https:\/\/riudelletres.cat\/index.php\/wp-json\/wp\/v2\/pages"}],"about":[{"href":"https:\/\/riudelletres.cat\/index.php\/wp-json\/wp\/v2\/types\/page"}],"author":[{"embeddable":true,"href":"https:\/\/riudelletres.cat\/index.php\/wp-json\/wp\/v2\/users\/1"}],"replies":[{"embeddable":true,"href":"https:\/\/riudelletres.cat\/index.php\/wp-json\/wp\/v2\/comments?post=25"}],"version-history":[{"count":18,"href":"https:\/\/riudelletres.cat\/index.php\/wp-json\/wp\/v2\/pages\/25\/revisions"}],"predecessor-version":[{"id":1325,"href":"https:\/\/riudelletres.cat\/index.php\/wp-json\/wp\/v2\/pages\/25\/revisions\/1325"}],"wp:attachment":[{"href":"https:\/\/riudelletres.cat\/index.php\/wp-json\/wp\/v2\/media?parent=25"}],"curies":[{"name":"wp","href":"https:\/\/api.w.org\/{rel}","templated":true}]}}

Què és el Riudelletres

<p>Riudelletres és la fira de llibres del Penedès i, alhora, una jornada de treball, debat i formació per a tots els sectors implicats en la literatura que es fa cada any a Sant Pere de Riudebitlles.</p>



<p>Per aquest 2026, hem preparat una doble jornada en un cap de setmana: <strong>el 12 i 13 de setembre.</strong> </p>



<p>El 2017 es va fer la primera edició d&#8217;aquesta trobada en què gent del món de l&#8217;escriptura, de l&#8217;edició, de les llibreries, de les biblioteques, de la comunicació cultural i de la docència debaten i aprenen sobre la promoció de la literatura en tots els àmbits. L&#8217;objectiu de la trobada és posar en contacte tots els sectors del món del llibre per tal de trobar nous camins a traçar en publicitat, comunicació, col·laboració o promoció dels llibres editats. </p>



<figure class="wp-block-image"><img loading="lazy" width="1024" height="324" src="http://riudelletres.cat/wp-content/uploads/2019/07/ui-hi-1024x324.png" alt="" class="wp-image-66" srcset="https://riudelletres.cat/wp-content/uploads/2019/07/ui-hi-1024x324.png 1024w, https://riudelletres.cat/wp-content/uploads/2019/07/ui-hi-300x95.png 300w, https://riudelletres.cat/wp-content/uploads/2019/07/ui-hi-768x243.png 768w, https://riudelletres.cat/wp-content/uploads/2019/07/ui-hi.png 1243w" sizes="(max-width: 1024px) 100vw, 1024px" /></figure>



<p>La jornada està organitzada pel Projecte Riudelletres en col·laboració amb l&#8217;Ajuntament de Sant Pere de Riudebitlles, el Departament de Cultura de la Generalitat, la Diputació de Barcelona, la Biblioteca Maria Àngels Torrents i el servei de Biblioteques de la Diputació de Barcelona.</p>



<div class="wp-block-image"><figure class="alignleft is-resized"><img loading="lazy" src="http://riudelletres.cat/wp-content/uploads/2019/07/escut-riudebitlles-petit.png" alt="" class="wp-image-100" width="60" height="97"/></figure></div>



<div class="wp-block-image"><figure class="alignleft is-resized"><img loading="lazy" src="http://riudelletres.cat/wp-content/uploads/2019/07/logo-biblio_petit.jpg" alt="" class="wp-image-101" width="101" height="99"/></figure></div>



<div class="wp-block-image"><figure class="alignleft is-resized"><img loading="lazy" src="http://riudelletres.cat/wp-content/uploads/2019/07/cultura_h3.jpg" alt="" class="wp-image-103" width="270" height="62" srcset="https://riudelletres.cat/wp-content/uploads/2019/07/cultura_h3.jpg 454w, https://riudelletres.cat/wp-content/uploads/2019/07/cultura_h3-300x69.jpg 300w" sizes="(max-width: 270px) 100vw, 270px" /></figure></div>



<div class="wp-block-image"><figure class="alignleft is-resized"><img loading="lazy" src="http://riudelletres.cat/wp-content/uploads/2019/07/DB-Xarxa-de-Biblioteques-Municipals-vertical-201.jpg" alt="" class="wp-image-99" width="98" height="73" srcset="https://riudelletres.cat/wp-content/uploads/2019/07/DB-Xarxa-de-Biblioteques-Municipals-vertical-201.jpg 673w, https://riudelletres.cat/wp-content/uploads/2019/07/DB-Xarxa-de-Biblioteques-Municipals-vertical-201-300x222.jpg 300w, https://riudelletres.cat/wp-content/uploads/2019/07/DB-Xarxa-de-Biblioteques-Municipals-vertical-201-440x330.jpg 440w" sizes="(max-width: 98px) 100vw, 98px" /></figure></div>



<figure class="wp-block-image"><img loading="lazy" width="1024" height="576" src="http://riudelletres.cat/wp-content/uploads/2019/07/20180929_124240-1024x576.jpg" alt="" class="wp-image-52" srcset="https://riudelletres.cat/wp-content/uploads/2019/07/20180929_124240-1024x576.jpg 1024w, https://riudelletres.cat/wp-content/uploads/2019/07/20180929_124240-300x169.jpg 300w, https://riudelletres.cat/wp-content/uploads/2019/07/20180929_124240-768x432.jpg 768w, https://riudelletres.cat/wp-content/uploads/2019/07/20180929_124240-1568x882.jpg 1568w" sizes="(max-width: 1024px) 100vw, 1024px" /></figure>



<p></p>

<p>Riudelletres és la fira de llibres del Penedès i, alhora, una jornada de treball, debat i formació per a tots els sectors implicats en la literatura que es fa cada any a Sant Pere de</p>
