{"id":24,"date":"2019-07-17T13:33:17","date_gmt":"2019-07-17T11:33:17","guid":{"rendered":"http:\/\/riudelletres.cat\/?page_id=24"},"modified":"2025-07-21T20:35:25","modified_gmt":"2025-07-21T18:35:25","slug":"on-i-quan","status":"publish","type":"page","link":"https:\/\/riudelletres.cat\/index.php\/que-es\/on-i-quan\/","title":{"rendered":"On i quan"},"content":{"rendered":"\n<p>El Riudelletres 2025 es dur\u00e0 a terme al voltant de la Biblioteca P\u00fablica Maria \u00c0ngels Torrents situada al Casal del Marqu\u00e8s de Lli\u00f3 (carrer Major, 40) de Sant Pere de Riudebitlles (Alt Pened\u00e8s) el dissabte 13 de 10h a 20:0h i diumenge 14 de setembre de 10 a 15:00h .<\/p>\n\n\n\n<iframe loading=\"lazy\" src=\"https:\/\/www.google.com\/maps\/embed?pb=!1m18!1m12!1m3!1d2990.3377152831276!2d1.7005627653351265!3d41.45359007925817!2m3!1f0!2f0!3f0!3m2!1i1024!2i768!4f13.1!3m3!1m2!1s0x12a46517335e5253%3A0x1b7e95fa23a344a2!2sCasal+del+marques+de+Li%C3%B3!5e0!3m2!1sca!2ses!4v1563363885860!5m2!1sca!2ses\" style=\"border:0\" allowfullscreen=\"\" width=\"600\" height=\"450\" frameborder=\"0\"><\/iframe>\n\n\n\n<h2><strong>Com arribar en transport p\u00fablic:<\/strong><\/h2>\n\n\n\n<div class=\"wp-block-image\"><figure class=\"alignleft is-resized\"><img loading=\"lazy\" src=\"http:\/\/riudelletres.cat\/wp-content\/uploads\/2019\/07\/Captura-de-pantalla-2019-07-29-a-les-16.42.25.png\" alt=\"\" class=\"wp-image-131\" width=\"208\" height=\"48\" srcset=\"https:\/\/riudelletres.cat\/wp-content\/uploads\/2019\/07\/Captura-de-pantalla-2019-07-29-a-les-16.42.25.png 372w, https:\/\/riudelletres.cat\/wp-content\/uploads\/2019\/07\/Captura-de-pantalla-2019-07-29-a-les-16.42.25-300x69.png 300w\" sizes=\"(max-width: 208px) 100vw, 208px\" \/><\/figure><\/div>\n\n\n\n<figure class=\"wp-block-image\"><img loading=\"lazy\" width=\"279\" height=\"60\" src=\"http:\/\/riudelletres.cat\/wp-content\/uploads\/2019\/07\/Captura-de-pantalla-2019-07-29-a-les-16.45.23.png\" alt=\"\" class=\"wp-image-133\"\/><\/figure>\n\n\n\n<p class=\"has-text-align-left\">En bus: Empresa Hillsa  sortida de Barcelona a les 10:00h, arribada a Sant Pere de Riudebitlles a les 11:00h<\/p>\n\n\n\n<p>Tornada: Empresa Hillsa sortida de Sant Pere de Riudebitlles a les 18:40, arribada a Barcelona a les 19:45h<\/p>\n","protected":false},"excerpt":{"rendered":"<p>El Riudelletres 2025 es dur\u00e0 a terme al voltant de la Biblioteca P\u00fablica Maria \u00c0ngels Torrents situada al Casal del Marqu\u00e8s de Lli\u00f3 (carrer Major, 40) de Sant Pere de Riudebitlles (Alt Pened\u00e8s) el dissabte<\/p>\n","protected":false},"author":1,"featured_media":0,"parent":25,"menu_order":0,"comment_status":"closed","ping_status":"closed","template":"","meta":[],"_links":{"self":[{"href":"https:\/\/riudelletres.cat\/index.php\/wp-json\/wp\/v2\/pages\/24"}],"collection":[{"href":"https:\/\/riudelletres.cat\/index.php\/wp-json\/wp\/v2\/pages"}],"about":[{"href":"https:\/\/riudelletres.cat\/index.php\/wp-json\/wp\/v2\/types\/page"}],"author":[{"embeddable":true,"href":"https:\/\/riudelletres.cat\/index.php\/wp-json\/wp\/v2\/users\/1"}],"replies":[{"embeddable":true,"href":"https:\/\/riudelletres.cat\/index.php\/wp-json\/wp\/v2\/comments?post=24"}],"version-history":[{"count":17,"href":"https:\/\/riudelletres.cat\/index.php\/wp-json\/wp\/v2\/pages\/24\/revisions"}],"predecessor-version":[{"id":1262,"href":"https:\/\/riudelletres.cat\/index.php\/wp-json\/wp\/v2\/pages\/24\/revisions\/1262"}],"up":[{"embeddable":true,"href":"https:\/\/riudelletres.cat\/index.php\/wp-json\/wp\/v2\/pages\/25"}],"wp:attachment":[{"href":"https:\/\/riudelletres.cat\/index.php\/wp-json\/wp\/v2\/media?parent=24"}],"curies":[{"name":"wp","href":"https:\/\/api.w.org\/{rel}","templated":true}]}}

<p>El Riudelletres 2025 es durà a terme al voltant de la Biblioteca Pública Maria Àngels Torrents situada al Casal del Marquès de Llió (carrer Major, 40) de Sant Pere de Riudebitlles (Alt Penedès) el dissabte 13 de 10h a 20:0h i diumenge 14 de setembre de 10 a 15:00h .</p>



<iframe loading="lazy" src="https://www.google.com/maps/embed?pb=!1m18!1m12!1m3!1d2990.3377152831276!2d1.7005627653351265!3d41.45359007925817!2m3!1f0!2f0!3f0!3m2!1i1024!2i768!4f13.1!3m3!1m2!1s0x12a46517335e5253%3A0x1b7e95fa23a344a2!2sCasal+del+marques+de+Li%C3%B3!5e0!3m2!1sca!2ses!4v1563363885860!5m2!1sca!2ses" style="border:0" allowfullscreen="" width="600" height="450" frameborder="0"></iframe>



<h2><strong>Com arribar en transport públic:</strong></h2>



<div class="wp-block-image"><figure class="alignleft is-resized"><img loading="lazy" src="http://riudelletres.cat/wp-content/uploads/2019/07/Captura-de-pantalla-2019-07-29-a-les-16.42.25.png" alt="" class="wp-image-131" width="208" height="48" srcset="https://riudelletres.cat/wp-content/uploads/2019/07/Captura-de-pantalla-2019-07-29-a-les-16.42.25.png 372w, https://riudelletres.cat/wp-content/uploads/2019/07/Captura-de-pantalla-2019-07-29-a-les-16.42.25-300x69.png 300w" sizes="(max-width: 208px) 100vw, 208px" /></figure></div>



<figure class="wp-block-image"><img loading="lazy" width="279" height="60" src="http://riudelletres.cat/wp-content/uploads/2019/07/Captura-de-pantalla-2019-07-29-a-les-16.45.23.png" alt="" class="wp-image-133"/></figure>



<p class="has-text-align-left">En bus: Empresa Hillsa  sortida de Barcelona a les 10:00h, arribada a Sant Pere de Riudebitlles a les 11:00h</p>



<p>Tornada: Empresa Hillsa sortida de Sant Pere de Riudebitlles a les 18:40, arribada a Barcelona a les 19:45h</p>

<p>El Riudelletres 2025 es durà a terme al voltant de la Biblioteca Pública Maria Àngels Torrents situada al Casal del Marquès de Llió (carrer Major, 40) de Sant Pere de Riudebitlles (Alt Penedès) el dissabte</p>
