{"id":1301,"date":"2025-08-30T11:15:43","date_gmt":"2025-08-30T09:15:43","guid":{"rendered":"https:\/\/riudelletres.cat\/?page_id=1301"},"modified":"2025-08-30T11:15:43","modified_gmt":"2025-08-30T09:15:43","slug":"parades-de-llibres-2025","status":"publish","type":"page","link":"https:\/\/riudelletres.cat\/index.php\/parades-de-llibres-2025\/","title":{"rendered":"Parades de llibres 2025"},"content":{"rendered":"\n<p>Del Riudelletres en formem part molta gent, per\u00f2 sense els i les paradistes, pocs llibres hi hauria. Per aix\u00f2, agra\u00efm l&#8217;esfor\u00e7 d&#8217;editorials, llibreries i entitats que es passen les dues jornades al peu de carrer.<\/p>\n\n\n\n<figure class=\"wp-block-image size-large\"><img loading=\"lazy\" width=\"1024\" height=\"738\" src=\"https:\/\/riudelletres.cat\/wp-content\/uploads\/2025\/08\/parades-riudelletres-2025-1024x738.png\" alt=\"\" class=\"wp-image-1302\" srcset=\"https:\/\/riudelletres.cat\/wp-content\/uploads\/2025\/08\/parades-riudelletres-2025-1024x738.png 1024w, https:\/\/riudelletres.cat\/wp-content\/uploads\/2025\/08\/parades-riudelletres-2025-300x216.png 300w, https:\/\/riudelletres.cat\/wp-content\/uploads\/2025\/08\/parades-riudelletres-2025-768x553.png 768w, https:\/\/riudelletres.cat\/wp-content\/uploads\/2025\/08\/parades-riudelletres-2025.png 1052w\" sizes=\"(max-width: 1024px) 100vw, 1024px\" \/><\/figure>\n","protected":false},"excerpt":{"rendered":"<p>Del Riudelletres en formem part molta gent, per\u00f2 sense els i les paradistes, pocs llibres hi hauria. Per aix\u00f2, agra\u00efm l&#8217;esfor\u00e7 d&#8217;editorials, llibreries i entitats que es passen les dues jornades al peu de carrer.<\/p>\n","protected":false},"author":1,"featured_media":0,"parent":0,"menu_order":0,"comment_status":"closed","ping_status":"closed","template":"","meta":[],"_links":{"self":[{"href":"https:\/\/riudelletres.cat\/index.php\/wp-json\/wp\/v2\/pages\/1301"}],"collection":[{"href":"https:\/\/riudelletres.cat\/index.php\/wp-json\/wp\/v2\/pages"}],"about":[{"href":"https:\/\/riudelletres.cat\/index.php\/wp-json\/wp\/v2\/types\/page"}],"author":[{"embeddable":true,"href":"https:\/\/riudelletres.cat\/index.php\/wp-json\/wp\/v2\/users\/1"}],"replies":[{"embeddable":true,"href":"https:\/\/riudelletres.cat\/index.php\/wp-json\/wp\/v2\/comments?post=1301"}],"version-history":[{"count":1,"href":"https:\/\/riudelletres.cat\/index.php\/wp-json\/wp\/v2\/pages\/1301\/revisions"}],"predecessor-version":[{"id":1303,"href":"https:\/\/riudelletres.cat\/index.php\/wp-json\/wp\/v2\/pages\/1301\/revisions\/1303"}],"wp:attachment":[{"href":"https:\/\/riudelletres.cat\/index.php\/wp-json\/wp\/v2\/media?parent=1301"}],"curies":[{"name":"wp","href":"https:\/\/api.w.org\/{rel}","templated":true}]}}

<p>Del Riudelletres en formem part molta gent, però sense els i les paradistes, pocs llibres hi hauria. Per això, agraïm l&#8217;esforç d&#8217;editorials, llibreries i entitats que es passen les dues jornades al peu de carrer.</p>



<figure class="wp-block-image size-large"><img loading="lazy" width="1024" height="738" src="https://riudelletres.cat/wp-content/uploads/2025/08/parades-riudelletres-2025-1024x738.png" alt="" class="wp-image-1302" srcset="https://riudelletres.cat/wp-content/uploads/2025/08/parades-riudelletres-2025-1024x738.png 1024w, https://riudelletres.cat/wp-content/uploads/2025/08/parades-riudelletres-2025-300x216.png 300w, https://riudelletres.cat/wp-content/uploads/2025/08/parades-riudelletres-2025-768x553.png 768w, https://riudelletres.cat/wp-content/uploads/2025/08/parades-riudelletres-2025.png 1052w" sizes="(max-width: 1024px) 100vw, 1024px" /></figure>

<p>Del Riudelletres en formem part molta gent, però sense els i les paradistes, pocs llibres hi hauria. Per això, agraïm l&#8217;esforç d&#8217;editorials, llibreries i entitats que es passen les dues jornades al peu de carrer.</p>
