{"id":1008,"date":"2023-09-24T11:04:25","date_gmt":"2023-09-24T09:04:25","guid":{"rendered":"http:\/\/riudelletres.cat\/?page_id=1008"},"modified":"2023-09-24T11:04:25","modified_gmt":"2023-09-24T09:04:25","slug":"signatures-riudelletres-2023","status":"publish","type":"page","link":"https:\/\/riudelletres.cat\/index.php\/signatures-riudelletres-2023\/","title":{"rendered":"Signatures Riudelletres 2023"},"content":{"rendered":"\n<p>Aquest any hem aprofitat que tenim parades de llibres per convidar a autors i autores amics perqu\u00e8 puguin signar llibres als seus lectors. Us referenciem, aqu\u00ed, els que vindran amb l&#8217;hora i la parada en qu\u00e8 els podeu trobar.<\/p>\n\n\n\n<figure class=\"wp-block-image size-large\"><img loading=\"lazy\" width=\"607\" height=\"764\" src=\"http:\/\/riudelletres.cat\/wp-content\/uploads\/2023\/09\/signatures-autors.png\" alt=\"\" class=\"wp-image-1012\" srcset=\"https:\/\/riudelletres.cat\/wp-content\/uploads\/2023\/09\/signatures-autors.png 607w, https:\/\/riudelletres.cat\/wp-content\/uploads\/2023\/09\/signatures-autors-238x300.png 238w\" sizes=\"(max-width: 607px) 100vw, 607px\" \/><\/figure>\n\n\n\n<p><\/p>\n","protected":false},"excerpt":{"rendered":"<p>Aquest any hem aprofitat que tenim parades de llibres per convidar a autors i autores amics perqu\u00e8 puguin signar llibres als seus lectors. Us referenciem, aqu\u00ed, els que vindran amb l&#8217;hora i la parada en<\/p>\n","protected":false},"author":1,"featured_media":0,"parent":0,"menu_order":0,"comment_status":"closed","ping_status":"closed","template":"","meta":[],"_links":{"self":[{"href":"https:\/\/riudelletres.cat\/index.php\/wp-json\/wp\/v2\/pages\/1008"}],"collection":[{"href":"https:\/\/riudelletres.cat\/index.php\/wp-json\/wp\/v2\/pages"}],"about":[{"href":"https:\/\/riudelletres.cat\/index.php\/wp-json\/wp\/v2\/types\/page"}],"author":[{"embeddable":true,"href":"https:\/\/riudelletres.cat\/index.php\/wp-json\/wp\/v2\/users\/1"}],"replies":[{"embeddable":true,"href":"https:\/\/riudelletres.cat\/index.php\/wp-json\/wp\/v2\/comments?post=1008"}],"version-history":[{"count":1,"href":"https:\/\/riudelletres.cat\/index.php\/wp-json\/wp\/v2\/pages\/1008\/revisions"}],"predecessor-version":[{"id":1013,"href":"https:\/\/riudelletres.cat\/index.php\/wp-json\/wp\/v2\/pages\/1008\/revisions\/1013"}],"wp:attachment":[{"href":"https:\/\/riudelletres.cat\/index.php\/wp-json\/wp\/v2\/media?parent=1008"}],"curies":[{"name":"wp","href":"https:\/\/api.w.org\/{rel}","templated":true}]}}

<p>Aquest any hem aprofitat que tenim parades de llibres per convidar a autors i autores amics perquè puguin signar llibres als seus lectors. Us referenciem, aquí, els que vindran amb l&#8217;hora i la parada en què els podeu trobar.</p>



<figure class="wp-block-image size-large"><img loading="lazy" width="607" height="764" src="http://riudelletres.cat/wp-content/uploads/2023/09/signatures-autors.png" alt="" class="wp-image-1012" srcset="https://riudelletres.cat/wp-content/uploads/2023/09/signatures-autors.png 607w, https://riudelletres.cat/wp-content/uploads/2023/09/signatures-autors-238x300.png 238w" sizes="(max-width: 607px) 100vw, 607px" /></figure>



<p></p>

<p>Aquest any hem aprofitat que tenim parades de llibres per convidar a autors i autores amics perquè puguin signar llibres als seus lectors. Us referenciem, aquí, els que vindran amb l&#8217;hora i la parada en</p>
