{"id":1003,"date":"2023-09-22T17:49:29","date_gmt":"2023-09-22T15:49:29","guid":{"rendered":"http:\/\/riudelletres.cat\/?page_id=1003"},"modified":"2025-07-29T12:08:43","modified_gmt":"2025-07-29T10:08:43","slug":"inscripcions-al-dinar-popular","status":"publish","type":"page","link":"https:\/\/riudelletres.cat\/index.php\/inscripcions-al-dinar-popular\/","title":{"rendered":"Inscripcions al dinar popular 2025"},"content":{"rendered":"\n<p>Si voleu apuntar-vos nom\u00e9s al dinar del Riudelletres, tant dissabte com diumenge, ompliu el formulari adjunt. Les instruccions de pagament us les enviarem al vostre correu electr\u00f2nic quan estigueu inscrits. El dinar es far\u00e0 a la Pla\u00e7a de l&#8217;Esgl\u00e9sia de Sant Pere de Riudebitlles a partir de les 14:00h.<\/p>\n\n\n\n<p>El dinar anir\u00e0 a c\u00e0rrec dels amics de Can Bardera, una masia del terme que ofereix plats amb productes del territori i vi de la seva pr\u00f2pia bodega. Es far\u00e0 a la Pla\u00e7a de l&#8217;Esgl\u00e9sia de Sant Pere de Riudebitlles a partir de les 14h. El dissabte 13 i haur\u00e0 arr\u00f2s de carn, aigua, vi i postres (coca) i tindr\u00e0 un cost de 14 euros. El diumenge 14, hi haur\u00e0 fideu\u00e0 de peix, aigua vi i postres (coca) i costar\u00e0 16 euros.<\/p>\n\n\n\n<iframe loading=\"lazy\" src=\"https:\/\/docs.google.com\/forms\/d\/e\/1FAIpQLScab0WR4S1kpri8c57Uv_Vxiqcq5Z3keUAmxH-KLkk6LPZQLg\/viewform?embedded=true\" marginheight=\"0\" marginwidth=\"0\" width=\"700\" height=\"520\" frameborder=\"0\">S&#39;est\u00e0 carregant\u2026<\/iframe>\n","protected":false},"excerpt":{"rendered":"<p>Si voleu apuntar-vos nom\u00e9s al dinar del Riudelletres, tant dissabte com diumenge, ompliu el formulari adjunt. Les instruccions de pagament us les enviarem al vostre correu electr\u00f2nic quan estigueu inscrits. El dinar es far\u00e0 a<\/p>\n","protected":false},"author":1,"featured_media":0,"parent":0,"menu_order":0,"comment_status":"closed","ping_status":"closed","template":"","meta":[],"_links":{"self":[{"href":"https:\/\/riudelletres.cat\/index.php\/wp-json\/wp\/v2\/pages\/1003"}],"collection":[{"href":"https:\/\/riudelletres.cat\/index.php\/wp-json\/wp\/v2\/pages"}],"about":[{"href":"https:\/\/riudelletres.cat\/index.php\/wp-json\/wp\/v2\/types\/page"}],"author":[{"embeddable":true,"href":"https:\/\/riudelletres.cat\/index.php\/wp-json\/wp\/v2\/users\/1"}],"replies":[{"embeddable":true,"href":"https:\/\/riudelletres.cat\/index.php\/wp-json\/wp\/v2\/comments?post=1003"}],"version-history":[{"count":7,"href":"https:\/\/riudelletres.cat\/index.php\/wp-json\/wp\/v2\/pages\/1003\/revisions"}],"predecessor-version":[{"id":1287,"href":"https:\/\/riudelletres.cat\/index.php\/wp-json\/wp\/v2\/pages\/1003\/revisions\/1287"}],"wp:attachment":[{"href":"https:\/\/riudelletres.cat\/index.php\/wp-json\/wp\/v2\/media?parent=1003"}],"curies":[{"name":"wp","href":"https:\/\/api.w.org\/{rel}","templated":true}]}}

<p>Si voleu apuntar-vos només al dinar del Riudelletres, tant dissabte com diumenge, ompliu el formulari adjunt. Les instruccions de pagament us les enviarem al vostre correu electrònic quan estigueu inscrits. El dinar es farà a la Plaça de l&#8217;Església de Sant Pere de Riudebitlles a partir de les 14:00h.</p>



<p>El dinar anirà a càrrec dels amics de Can Bardera, una masia del terme que ofereix plats amb productes del territori i vi de la seva pròpia bodega. Es farà a la Plaça de l&#8217;Església de Sant Pere de Riudebitlles a partir de les 14h. El dissabte 13 i haurà arròs de carn, aigua, vi i postres (coca) i tindrà un cost de 14 euros. El diumenge 14, hi haurà fideuà de peix, aigua vi i postres (coca) i costarà 16 euros.</p>



<iframe loading="lazy" src="https://docs.google.com/forms/d/e/1FAIpQLScab0WR4S1kpri8c57Uv_Vxiqcq5Z3keUAmxH-KLkk6LPZQLg/viewform?embedded=true" marginheight="0" marginwidth="0" width="700" height="520" frameborder="0">S&#39;està carregant…</iframe>

<p>Si voleu apuntar-vos només al dinar del Riudelletres, tant dissabte com diumenge, ompliu el formulari adjunt. Les instruccions de pagament us les enviarem al vostre correu electrònic quan estigueu inscrits. El dinar es farà a</p>
